(j).
3, 23
List the prime factors of 883/(1/(14 + -1)).
13, 883
Suppose -150*r + 152*r - 32804 = 0. What are the prime factors of r?
2, 59, 139
Let m(t) = 170*t + 7153. What are the prime factors of m(-39)?
523
Suppose -4*p - 10 = 2*l - 8*p, 2*l + p - 15 = 0. Let t(n) = 29*n**2 - 24*n + 124. What are the prime factors of t(l)?
3
Suppose -3*d - 1762 = 2*x, 3*d + 808 = -5*x - 942. Let z = -110 - d. List the prime factors of z.
2, 3, 5
Let d(v) = 3885*v + 1137. What are the prime factors of d(15)?
2, 3, 4951
Let l(k) = k**2 + 8*k - 12. Let r be l(-9). Let w be -2 + 0 - (-10)/(-6)*r. What are the prime factors of w/3*4*(-39)/(-6)?
2, 13
Suppose d - 3*a = -12, -2*d + 2*a = d + 22. Let g(l) = -24*l - 10. List the prime factors of g(d).
2, 67
Let g = 6 + -4. Let s(w) = -w**3 + 8*w**2 + 4*w - 15. Let n be s(8). Suppose -n = -g*a + 23. List the prime factors of a.
2, 5
Let p = 63 + -59. Suppose 4*a + 4*d - 3*d = -5, p*d = a - 20. Let w(t) = -2*t**2 - 2*t + 197. List the prime factors of w(a).
197
Suppose 3*a - 14 = 10. Suppose 0*q + a*q - 10096 = 0. Suppose 8*g = -46 + q. List the prime factors of g.
2, 19
Let c = 22890 + -10369. List the prime factors of c.
19, 659
Suppose -3*l + 0 = -2*u - 10, 11 = 4*l - 5*u. Suppose -f + r - 2*r = 356, r = -l*f - 1439. Let y = 548 + f. What are the prime factors of y?
11, 17
List the prime factors of (8/(-14) + 948842/(-161))*-6.
2, 3, 7, 421
Suppose -h - 2033 = -q - 0*h, -20344 = -10*q - 4*h. List the prime factors of q.
2, 3, 113
Suppose -194916 = -116*d + 111*d - w, -2*d + 5*w = -77961. What are the prime factors of d?
7, 5569
Suppose -304 = 20*d - 22*d. Let n = 29 + d. Suppose -o + 2*o = n. List the prime factors of o.
181
Suppose -32*m = -37*m - x + 25149, 0 = -m + 3*x + 5033. What are the prime factors of m?
2, 5, 503
Let p(h) be the second derivative of h**4/4 + 2*h**3/3 + 2*h**2 - 27*h. Let d be p(-3). Let c = d - -37. What are the prime factors of c?
2, 7
Let s = -12869 - -19986. List the prime factors of s.
11, 647
Let d(p) = 6*p + 14. Let a be d(-2). Suppose -2*i = -2*j + 4, i - 3*i + 5*j - 1 = 0. What are the prime factors of ((-4)/(6 - a))/(i/159)?
53
Let k(x) = -x**3 + 14*x**2 + 8*x - 9. Let f(v) = v + 7. Let g be f(-5). Suppose 3*w = g*w + 14. List the prime factors of k(w).
103
Let m(y) = -16*y**2 - 4*y - 23. Let d(f) = -2*f**2. Let t(w) = -18*d(w) + 2*m(w). What are the prime factors of t(-4)?
2, 5
What are the prime factors of 1351581/154*(-1 + 5/3)?
5851
Let u(k) = -k**3 - 13*k**2 - 41*k + 8. Let m be u(-5). Suppose -m*w + 18504 = 5751. List the prime factors of w.
3, 109
Let b be (-9)/(-6) + -1 - (-301)/2. Let t = 335 - b. List the prime factors of t.
2, 23
Let h be (-14)/140*5 - (-11)/2. Suppose 11172 = h*s + 7*s. What are the prime factors of s?
7, 19
Suppose -c + 308 = -604. Let b be c/176 - 4/22. Suppose l - 3*j = 36, -b*l = 2*j + j - 234. List the prime factors of l.
3, 5
Let w be (-1)/(2/(-8)) - (1 - -3). Suppose w = 12*o + o. Suppose o = 7*r - 331 - 628. What are the prime factors of r?
137
Suppose -4*p + 40 = 9*f - 14*f, 5*f = -20. Suppose -d = -2*v - 770, 5*v + 3871 = p*d + 2*v. What are the prime factors of d?
2, 97
Suppose 14 - 62 = 3*q. Let r(l) = -4*l - 54. Let u be r(q). Suppose -u*m + 3*m + 742 = 0. List the prime factors of m.
2, 53
Let i(p) = 110*p**3 + 2*p**2 + 5*p - 7. Let u be i(2). Let g = u + -331. What are the prime factors of g/6 + 0 + (-2)/(-3)?
2, 47
Let h be 32/(-40)*5/(-2). Suppose h*u - 12 = -3*l, 4*u - u - 20 = -5*l. List the prime factors of (86/l)/(5 - 63/14).
43
Let b(d) be the first derivative of -d**4/4 - 10*d**3/3 + d**2/2 - 27*d - 40. What are the prime factors of b(-13)?
467
List the prime factors of -7 + 40/4 - (5 - 7457).
3, 5, 7, 71
Let v(h) = -162 - 142 - 36*h + 232. Let n be v(-7). Let u = 300 - n. List the prime factors of u.
2, 3, 5
Let t(g) = -883*g - 369. What are the prime factors of t(-36)?
3, 3491
Let k(q) = -6*q**2 + 551*q - 85. What are the prime factors of k(37)?
2, 1511
Suppose -2*m + 12508 - 34473 = -5*q, -3*q + 13188 = -3*m. Suppose q = n - 2*b, n + 2*b + 363 = 4750. What are the prime factors of (n/84)/((6/8)/3)?
11, 19
Let j = -11826 - -25539. List the prime factors of j.
3, 7, 653
Suppose -275*d = -294*d + 129850 + 138126. What are the prime factors of d?
2, 41, 43
Let z = 248 - 245. Suppose 0 = 2*n + 3*y - y - 822, -3*n = -z*y - 1245. List the prime factors of n.
7, 59
Let o(h) = -h**3 - 21*h**2 - 29*h - 11. Let c be o(-21). Suppose 0 = -a + 7*z - 3*z + c, -1759 = -3*a + 5*z. List the prime factors of a.
2, 17
Suppose -3*d + 22769 = y + 5775, -3*y + 5*d = -50982. What are the prime factors of y?
2, 29, 293
Let z = -66 - -60. What are the prime factors of ((-266)/(-140) + z/(-10))*6?
3, 5
List the prime factors of (-14 + 5862/4)*2.
2903
Let j be ((-16)/(-32))/(2/356). Suppose 4*t + j = 369. What are the prime factors of t?
2, 5, 7
Let x = 5 + -11. List the prime factors of (1*x/(-4))/(30/17900).
5, 179
Let n = -27 + 30. Suppose 0 = -n*m + 15. Suppose 3*u + m*d = 178, u - 2*u - 2*d + 60 = 0. List the prime factors of u.
2, 7
List the prime factors of (491/2 - 10)/(2/56).
2, 3, 7, 157
List the prime factors of (-196)/(-2352) - (-662711)/12.
2, 53, 521
Let x = 11701 + -10408. List the prime factors of x.
3, 431
Suppose 5*a = 2*y - 15, -2*a + 3 = 3*y - 10. Suppose 4*s = y*i - 25, -4*i = -i + s - 15. List the prime factors of 1934/9 + i/45.
5, 43
Let t = 58101 + -27261. List the prime factors of t.
2, 3, 5, 257
Let o(b) = b**3 + 41*b**2 + 50*b + 49. What are the prime factors of o(-35)?
3, 7, 269
Let i = 1244 + 3288. Let l = i - 2495. List the prime factors of l.
3, 7, 97
Let t(j) = -3*j + 4. Let x be t(-7). Suppose 23*z - 18*z - x = 0. Suppose -5*o + z*a + 255 = 55, -a = 3*o - 132. What are the prime factors of o?
43
Let k = -246 - -251. List the prime factors of 3871/k - ((-248)/(-40) - 7).
5, 31
Suppose 2*d = 5*h + 23, 16 = -4*h + d - 0. Let g = -2721 - -2884. Let u = h + g. List the prime factors of u.
2, 5
Suppose 8*u = 37 + 3. Suppose -2*s - 4*k = -0*s - 468, u*k = -20. What are the prime factors of s/7 + 9/21?
5, 7
Let i(a) = a**3 + a**2 - 3*a - 3. Suppose 0 = 9*m - 71 + 26. Let v(u) = u**2 - 2*u - 9. Let d be v(m). What are the prime factors of i(d)?
3, 7, 11
Let c(b) = -13 - 10 + b + 21. Let d be c(4). Suppose -3*l = -4*l - 2, d*o = -5*l + 138. What are the prime factors of o?
2, 37
Let u(o) = 79*o - 7. Let h be u(11). Suppose 2*t + n - h = 0, 1728 = 4*t + 3*n - 0*n. What are the prime factors of t?
3, 11, 13
Let b = -51938 - -93767. What are the prime factors of b?
3, 73, 191
Let q = 68114 + -43785. List the prime factors of q.
24329
Suppose 5466 = 15*w - 13*w - 2*b, -15 = 3*b. Suppose 4*l + 52 = w. What are the prime factors of l?
3, 223
Suppose 2*j = 4 - 4. Suppose 0 = -m - j*m + 4. Suppose -5*r - m*c = -470, 3*r + c - 3*c = 282. List the prime factors of r.
2, 47
Let h be (21 - 1 - 2) + 2. Let d be -1 + (6 - h/5). Let w = d + 30. What are the prime factors of w?
31
Let o(u) = 67*u - 125. Let t be o(18). Let c = t - 764. What are the prime factors of c?
317
Suppose -461994 = 479*g - 518*g. What are the prime factors of g?
2, 5923
Let v be (1029/(-51))/(-7) - 4/(-34). Let b(z) = -4*z**3 + 5*z**3 + 1 + 0 + z - 7. List the prime factors of b(v).
2, 3
Suppose -40*q - 1593 = -49*q. Suppose h - 2*m - q = m, -4*h + 2*m + 728 = 0. What are the prime factors of h?
3, 61
Let b(o) = 1380*o - 16302. What are the prime factors of b(19)?
2, 3, 19, 29
Suppose -3*i - 4*p + 4 = 0, 4*i - 4 + 16 = -p. Let g be (i/6)/(4/(-30)). Suppose -2*j + 668 = 3*q, g*q - 4*q + j - 224 = 0. What are the prime factors of q?
2, 5, 11
Let i = 121229 - 69678. List the prime factors of i.
51551
Let p be 98 + -1 + (-5 - (-2)/2). Let y = 90 - p. List the prime factors of ((-234)/(-12))/(y/(-6)).
3, 13
Let c be ((-30303)/(-126))/((-2)/(-4)). Let l = c - -112. What are the prime factors of l?
593
Let r(v) = -2*v**3 - 5*v + 2. Suppose 30 = 2*h + 42. What are the prime factors of r(h)?
2, 29
Suppose 5*w - 70 = 12*u - 7*u, 0 = -w - 5*u + 2. Suppose -4*f + 12656 = w*f. What are the prime factors of f?
7, 113
What are the prime factors of (0 + (1 - 1507))*((-6258)/126 + 49)?
2, 251
Let r be 60046/9 + (-28)/(-126). Suppose 22*i = 9498 + r. What are the prime factors of i?
3